755226 is divided by 25?
1
What is the remainder when 130090 is divided by 295?
290
Calculate the remainder when 1403680 is divided by 5683.
5662
What is the remainder when 384727 is divided by 1373?
287
Calculate the remainder when 2156688 is divided by 49012.
160
What is the remainder when 19110343 is divided by 172165?
28
What is the remainder when 2269218 is divided by 3491?
68
What is the remainder when 247028 is divided by 4769?
3809
What is the remainder when 36243369 is divided by 12081117?
18
What is the remainder when 332933 is divided by 2094?
2081
What is the remainder when 115843374 is divided by 941816?
6
What is the remainder when 665922 is divided by 221644?
990
What is the remainder when 16575127 is divided by 94?
13
Calculate the remainder when 18084865 is divided by 244390.
5
Calculate the remainder when 356679 is divided by 348.
327
What is the remainder when 3218065 is divided by 526?
523
Calculate the remainder when 62260 is divided by 30690.
880
What is the remainder when 22753369 is divided by 410?
9
Calculate the remainder when 1054766 is divided by 351571.
53
What is the remainder when 576850 is divided by 189?
22
Calculate the remainder when 831600 is divided by 27720.
0
Calculate the remainder when 74395 is divided by 10388.
1679
What is the remainder when 250267 is divided by 1428?
367
Calculate the remainder when 428526 is divided by 3199.
3059
What is the remainder when 203918 is divided by 197269?
6649
What is the remainder when 18031106 is divided by 10?
6
What is the remainder when 116872397 is divided by 635176?
13
What is the remainder when 5548950 is divided by 154?
22
What is the remainder when 435196 is divided by 10876?
156
Calculate the remainder when 149845 is divided by 1554.
661
What is the remainder when 331669915 is divided by 53?
49
Calculate the remainder when 13253028 is divided by 106.
60
Calculate the remainder when 127588 is divided by 63723.
142
What is the remainder when 115951707 is divided by 766?
755
What is the remainder when 2950342 is divided by 15947?
147
Calculate the remainder when 70678099 is divided by 1746.
19
Calculate the remainder when 451102 is divided by 4336.
158
Calculate the remainder when 23906109 is divided by 941.
4
Calculate the remainder when 113366 is divided by 706.
406
What is the remainder when 55329863 is divided by 31?
9
What is the remainder when 1617197 is divided by 687?
686
What is the remainder when 179662 is divided by 903?
868
What is the remainder when 12922980 is divided by 628?
624
What is the remainder when 559914 is divided by 8?
2
What is the remainder when 58798 is divided by 14640?
238
Calculate the remainder when 444629 is divided by 74029.
455
Calculate the remainder when 2890541 is divided by 1826.
1809
What is the remainder when 2686126 is divided by 1569?
1567
Calculate the remainder when 5614516 is divided by 282.
178
Calculate the remainder when 130711 is divided by 5194.
861
What is the remainder when 273858 is divided by 9734?
1306
What is the remainder when 121876394 is divided by 25?
19
Calculate the remainder when 89635 is divided by 385.
315
What is the remainder when 3508008 is divided by 318901?
97
Calculate the remainder when 15284 is divided by 416.
308
Calculate the remainder when 848340 is divided by 40396.
24
Calculate the remainder when 38973094 is divided by 23102.
20
What is the remainder when 210139 is divided by 3575?
2789
What is the remainder when 2173854 is divided by 116?
14
What is the remainder when 975028 is divided by 487296?
436
Calculate the remainder when 8989226 is divided by 14.
8
Calculate the remainder when 538642 is divided by 233.
179
Calculate the remainder when 986923 is divided by 441.
406
Calculate the remainder when 956167 is divided by 478076.
15
Calculate the remainder when 32918 is divided by 2983.
105
Calculate the remainder when 473596 is divided by 1286.
348
Calculate the remainder when 1257432 is divided by 686.
680
What is the remainder when 393708 is divided by 2832?
60
Calculate the remainder when 68523161 is divided by 22841053.
2
Calculate the remainder when 15769089 is divided by 16190.
29
What is the remainder when 3910507 is divided by 12?
7
Calculate the remainder when 189485876 is divided by 47371468.
4
Calculate the remainder when 13676 is divided by 5718.
2240
What is the remainder when 63334793 is divided by 7?
4
Calculate the remainder when 2134003258 is divided by 820.
818
What is the remainder when 3173533 is divided by 781?
330
Calculate the remainder when 54425 is divided by 6658.
1161
What is the remainder when 224916 is divided by 112053?
810
Calculate the remainder when 95002 is divided by 15823.
64
Calculate the remainder when 1015859 is divided by 1874.
151
What is the remainder when 46044 is divided by 23007?
30
Calculate the remainder when 21277448 is divided by 1154.
1150
What is the remainder when 3681439 is divided by 380?
379
Calculate the remainder when 25772934 is divided by 134234.
6
What is the remainder when 1253875 is divided by 454?
381
What is the remainder when 81614 is divided by 443?
102
Calculate the remainder when 2791319 is divided by 167.
81
What is the remainder when 48420948 is divided by 2249?
2227
Calculate the remainder when 545325190 is divided by 12.
10
What is the remainder when 340760 is divided by 127?
19
Calculate the remainder when 240563 is divided by 17145.
533
Calculate the remainder when 40817883 is divided by 326543.
8
Calculate the remainder when 2112217 is divided by 11356.
1
Calculate the remainder when 158730932 is divided by 5843.
5837
Calculate the remainder when 326173 is divided by 161.
148
What is the remainder when 65626711 is divided by 2981?
2977
Calculate the remainder when 67847 is divided by 519.
377
Calculate the remainder when 7094987 is divided by 23.
16
What is the remainder when 742316 is divided by 17654?
848
What is the remainder when 543615 is divided by 11066?
1381
What is the remainder when 12939043 is divided by 461?
156
What is the remainder when 1240567 is divided by 42?
13
Calculate the remainder when 25452 is divided by 4739.
1757
Calculate the remainder when 62180974 is divided by 31.
27
Calculate the remainder when 2959335 is divided by 34404.
591
What is the remainder when 885010 is divided by 11946?
1006
Calculate the remainder when 534008 is divided by 6138.
2
Calculate the remainder when 8146583 is divided by 118.
99
Calculate the remainder when 436454 is divided by 36238.
1598
Calculate the remainder when 680368 is divided by 680321.
47
Calculate the remainder when 828801 is divided by 1379.
22
Calculate the remainder when 1619847 is divided by 404736.
903
Calculate the remainder when 68920 is divided by 1496.
104
Calculate the remainder when 173951 is divided by 6210.
71
Calculate the remainder when 973493 is divided by 1163.
62
Calculate the remainder when 423108 is divided by 15.
3
What is the remainder when 570864 is divided by 22834?
14
Calculate the remainder when 8956504 is divided by 11.
7
Calculate the remainder when 416364 is divided by 104039.
208
Calculate the remainder when 271299 is divided by 5651.
51
Calculate the remainder when 18284197 is divided by 48.
37
Calculate the remainder when 5629249 is divided by 62547.
19
What is the remainder when 3657212 is divided by 692?
684
Calculate the remainder when 15133773 is divided by 71724.
9
Calculate the remainder when 28877 is divided by 2327.
953
What is the remainder when 92894 is divided by 3852?
446
What is the remainder when 2340 is divided by 48?
36
What is the remainder when 1070375 is divided by 267588?
23
Calculate the remainder when 2716785 is divided by 2334.
9
Calculate the remainder when 395787 is divided by 4766.
209
Calculate the remainder when 906894 is divided by 4585.
3649
What is the remainder when 42218 is divided by 3493?
302
What is the remainder when 71722792 is divided by 82?
16
What is the remainder when 37111665 is divided by 26?
19
What is the remainder when 1221671 is divided by 345?
26
Calculate the remainder when 12773677 is divided by 364962.
7
Calculate the remainder when 28900020 is divided by 571.
568
What is the remainder when 151471 is divided by 1722?
1657
Calculate the remainder when 1896030 i